-5*v - 3*l - l. List the prime factors of v.
3
Let c = 204 - -213. What are the prime factors of c?
3, 139
Let i = -9 + 49. List the prime factors of (2 + i/(-12))/(8/(-324)).
2, 3
Suppose -q + 5*q = 0. What are the prime factors of 63 - (-5 - -3) - (-2 - q)?
67
Let j = 126 + -252. What are the prime factors of 21/j - (-1094)/12?
7, 13
Let n(p) = -26*p**3 - 5*p**2 + 7*p - 10. What are the prime factors of n(-6)?
2, 673
Suppose 1 = 4*r - 11. Let s = 5 - r. What are the prime factors of (-3 - -12) + (1 - s)?
2
Suppose -5*p = -9*p + 3276. List the prime factors of p.
3, 7, 13
Let b(t) = -2*t - 3. Let c be b(4). What are the prime factors of -1 - (-34)/(-3)*(5 + c)?
67
Suppose -118*h + 111*h + 987 = 0. What are the prime factors of h?
3, 47
Suppose 3*v - 271 = -2*i + 3*i, 88 = v + 2*i. What are the prime factors of v?
2, 3, 5
Suppose 2862 = 26*b - 4964. List the prime factors of b.
7, 43
Let n = -17 + 9. Let v be ((-4)/n)/((-2)/(-76)). Let q = v + -2. List the prime factors of q.
17
Let o = 0 + 3. Suppose 0 = 3*h - 5*x - 54, -o*x + 53 = 5*h + x. List the prime factors of h.
13
Suppose -4*c + 6 = -b, -c = c - 3*b + 2. Suppose 0 = -0*x + x + 3*t - 14, c*t = -x + 10. Suppose 5*a - x - 18 = 0. List the prime factors of a.
2
Let t(k) = -51*k**3 - 2*k**2 - 2*k - 2. Let j be t(-1). Let m = -36 + j. What are the prime factors of m?
13
Suppose 4*n = -3*c + 2598, 2*n = -3*c + 780 + 516. What are the prime factors of n?
3, 7, 31
Let n = 4355 + -2121. What are the prime factors of n?
2, 1117
What are the prime factors of -5637*(-4*2 + (-690)/(-90))?
1879
Let t(s) = -6*s**2 + s - 5. Let b(h) = -5*h**2 + h - 4. Let v(a) = -5*b(a) + 4*t(a). Let w be v(0). Suppose -5*q + 2 + 8 = w. List the prime factors of q.
2
Let v = -18 - -21. Suppose v*r = 4*b - 8, -4*b - b + 3*r = -10. What are the prime factors of b?
2
Let g(b) = b**2 - 1. Let j(m) = -m**3 - 11*m**2 + 14*m + 6. Let n(f) = -4*g(f) - j(f). List the prime factors of n(-8).
2, 23
Let j(c) = -2*c - 17. Let p be j(-14). List the prime factors of (-4)/(-2) + 1 + 748/p.
71
Let t(i) = -i**3 + 20*i**2 + 61*i + 17. What are the prime factors of t(22)?
17, 23
Suppose -7*b = -3*b - 264. Suppose 16 = d + 3*d. Suppose -d*t = -b - 6. What are the prime factors of t?
2, 3
Let s = 2 - 3. What are the prime factors of (0 - s/2)*338?
13
What are the prime factors of -12 + (0 - -6) + 587 - -5?
2, 293
Let p(s) = -s**2 - s - 6. Let q be p(-8). Let u = 60 - 100. Let g = u - q. What are the prime factors of g?
2, 11
Let x(s) = -s**2 - 27*s - 8. What are the prime factors of x(-9)?
2, 7, 11
Let v be (-1)/(-2)*(5 - -13). Let q be ((-4)/(-6))/(3/v). Suppose q*p - 11 = 23. What are the prime factors of p?
17
Suppose 0 = -60*h + 39*h + 14763. List the prime factors of h.
19, 37
Suppose 0 = -3*t - j + 16, -5*t - 5*j + 40 = -0*j. Suppose -76 = -t*h + 24. What are the prime factors of (-57)/((-5)/(h/5))?
3, 19
Let s = 2634 + -1803. List the prime factors of s.
3, 277
Let g(l) = 58*l**2 - 1. Let n be g(-2). Let v = n + -139. What are the prime factors of v?
2, 23
Suppose 0 = -2*i + 297 - 55. Let t = -68 + i. List the prime factors of t.
53
Let w(d) = -410*d - 494. What are the prime factors of w(-6)?
2, 983
Let p be (-51)/3*(-1 + 2). Let k = 33 - p. What are the prime factors of k?
2, 5
Suppose -g - g - 40 = -3*d, 3*d - 5*g - 37 = 0. Let u(o) = o**2 - 11*o - 36. List the prime factors of u(d).
2, 3
Let i be (2 + 0)/(2/(-93)). Let b be i/(-7) - 8/28. Suppose 0*k - b = -k. What are the prime factors of k?
13
Suppose -5*b = -36 + 131. Let h = 69 + b. List the prime factors of h.
2, 5
Suppose 2 = -7*w + 8*w. Suppose 4*k - w*h - 412 = 0, -4*k + 303 + 109 = 2*h. List the prime factors of k.
103
Suppose -5*h + 79 - 14 = 0. Suppose 20*v - h*v - 819 = 0. List the prime factors of v.
3, 13
Suppose -93047 - 20528 = -25*i. What are the prime factors of i?
7, 11, 59
Suppose 0 = -3*r + 1092 + 96. Suppose -4*g = -4*m + r, 2*m + 0*g = -4*g + 186. List the prime factors of m.
97
Suppose 0 = 5*x - 6 - 4. Suppose -x = -t - 0. Suppose -5*n - 3*k = -55, -n + 3*k - t = k. What are the prime factors of n?
2
Let j(a) = -53*a + 42. What are the prime factors of j(-51)?
3, 5, 61
Let r = 1 - -9. Suppose -o + 31 = -r. What are the prime factors of o?
41
Suppose v - 5*y = 100, 5*v - 2*y - y = 478. What are the prime factors of v?
5, 19
Suppose -5*o - 23058 = -32*o. What are the prime factors of o?
2, 7, 61
Suppose 0 = -5*r + 63 + 132. What are the prime factors of r?
3, 13
Let z(k) = -k**3 - 6*k**2 + 18*k + 20. Suppose -3*w = -0*j + 3*j + 21, -4*w - 12 = 2*j. List the prime factors of z(j).
2
Suppose v - 4*c + 2*c - 659 = 0, 0 = 4*c - 20. What are the prime factors of v?
3, 223
Suppose -u + 155 = 4*u. Suppose 3*t - u - 89 = 0. What are the prime factors of t?
2, 5
Let a be (2/(-4))/(4/(-7296)). Let w = a + -651. What are the prime factors of w?
3, 29
List the prime factors of (6/(-1) - -277) + -4.
3, 89
Suppose -2*k + 16 = -y, 2*k = 2*y - 0*k + 22. Let l(q) = -3*q - 4. Let t be l(y). Suppose -t = -3*b - b + p, p = 5*b - 18. List the prime factors of b.
2
Let l be 1*181 + (9 - 2)/(-7). What are the prime factors of (-49)/14*l/(-21)?
2, 3, 5
Suppose 0 = -4*z + 735 + 9. List the prime factors of z.
2, 3, 31
Suppose 2 - 4 = -x. Suppose 0 = -2*k - x*k - 20. List the prime factors of k/(1/(0 - 1)).
5
Let h(r) = 1 - r**2 + r**3 - 3*r**2 + 7*r**3 + 2*r. List the prime factors of h(2).
53
Suppose 60*t - 197470 = 11*t. What are the prime factors of t?
2, 5, 13, 31
Let q = 24 - 19. Suppose y = -q*f + 194, 16 = y + 3*y. Suppose s - t - 4*t - f = 0, 4*t = -4. What are the prime factors of s?
3, 11
Let g be ((-12)/(-18))/((-4)/(-6)). Let t be (-16)/(-8) - (-13 - g). Let n = -5 + t. List the prime factors of n.
11
Let i be (-1)/(-1*(-3)/(-6)). Suppose 2*v = i, y - 5*y - 2*v + 634 = 0. List the prime factors of y.
2, 79
Let r(d) = -38*d + 642. List the prime factors of r(0).
2, 3, 107
Suppose u + 25 = 37. Suppose -v - 4*m + 63 = -u, 3*v = -5*m + 246. List the prime factors of v.
3, 29
Suppose 0 = h + c + 12, -h - 3*h - 49 = 5*c. Let j(l) = l**2 - 6. Let w be j(7). What are the prime factors of h/(-22) - w/(-2)?
2, 11
Let w = 12 + -6. Let u(i) = i**2 - 4*i - 2. Let p be u(w). Suppose 2*d + g = 41, 41 = d + 4*g + p. What are the prime factors of d?
19
Let a be ((-12)/10)/((-6)/30). Suppose 0 = i - 1 + a. Let g(z) = 2*z**2 - 4*z + 4. List the prime factors of g(i).
2, 37
Let a(g) = 5*g**3 - 24*g**2 + 27*g - 14. Let q(o) = 9*o**3 - 47*o**2 + 54*o - 27. Let w(r) = -11*a(r) + 6*q(r). List the prime factors of w(-20).
2, 3, 7
Let q(i) = i**3 + 6*i**2 + i + 1. Let u be q(-5). What are the prime factors of 3*u - ((-100)/(-5))/(-5)?
67
Let t = 1 - -11. Let d(y) = y - 17. Let r be d(t). Let s(m) = -m**3 - 6*m**2 - 7*m - 1. What are the prime factors of s(r)?
3
Suppose -6*f = -5*c - 2*f - 16, -3*c = -f + 4. Suppose 4*t - 2*r - 60 - 158 = c, -5*t - 3*r = -300. List the prime factors of t.
3, 19
Let q(v) = -106*v - 10. List the prime factors of q(-1).
2, 3
Let q be -3 - (-4)/((-12)/(-57)). Let l(p) = p**2 - 12*p + 53. What are the prime factors of l(q)?
3, 13
Suppose 5*a - 5*n - 758 - 1832 = 0, 0 = n + 1. List the prime factors of a.
11, 47
Let f(c) = 3*c**3 - 12*c**2 + c + 2. Let d be f(5). Let y be -4*1/(-4)*d. List the prime factors of 1/(84/y - 1).
41
Let s be (-2 - -283)/(0 + -1). Let g = s + 477. What are the prime factors of g?
2, 7
Suppose -5*p + 380 = 6*u - u, -4 = -2*p. Let s = u - 69. List the prime factors of s.
5
Let g(v) be the first derivative of 2*v**2 - v + 1. List the prime factors of g(12).
47
Suppose 3*f - 21 = -5*b, -f + 14 = -0*f + 4*b. Let u(q) = 17*q - 13*q**f + 4*q**2 - 4*q**3 + 2*q**3 + 14 + q**3. List the prime factors of u(-11).
3, 23
Suppose 2*c - 58 = -3*q + 295, -5*c - 4*q = -886. What are the prime factors of c?
2, 89
Suppose 94*i - 70*i - 61320 = 0. What are the prime factors of i?
5, 7, 73
Let g(r) = r**3 - 7*r**2 + 5*r - 4. Let f be g(3). Let y be 225/(0 + 3) + -2 + 4. Let a = y + f. What are the prime factors of a?
2, 13
Suppose 0 = 5*k - k - 28. Suppose -k*m = -2*m - 260. Let p = -30 + m. List the prime factors of p.
2, 11
Let d(m) = -m - 7. Suppose 3*s + 14 = s. Let v be d(s). Suppose -5*r + 2*n + 135 = v, 2*r + 0*n = -3*n + 54. List the prime factors of 